x**3 + 35*x**2 + 298*x + 88. Calculate u(-21).
4
Let r(p) = 48*p**2 + 1058*p + 38. Calculate r(-22).
-6
Let m(j) = 2*j**2 + 21*j + 90. Calculate m(-5).
35
Let p(w) = -w**3 - 10*w**2 + 15*w + 126. What is p(-10)?
-24
Let q(j) = 13805*j + 27629. What is q(-2)?
19
Let g(x) = 10*x - 334. Calculate g(39).
56
Let r(c) = 510*c - 83. Give r(2).
937
Let q(u) = u**3 - 72*u**2 + 153*u - 822. Determine q(70).
88
Let z(j) = 31*j**2 + 42*j + 29. Determine z(-2).
69
Let y(m) = -m**2 + 29*m + 519. Determine y(0).
519
Let i(o) = o**3 - 18*o**2 - 19*o + 63. Calculate i(13).
-1029
Let g(o) = 15*o**2 - 148*o + 217. Calculate g(8).
-7
Let n(s) = s**3 - 42*s**2 - 92*s + 128. Give n(44).
-48
Let t(j) = j**3 + 12*j**2 - 5*j - 16. What is t(-6)?
230
Let y(r) = -40*r**2 - 530*r - 2. Give y(-14).
-422
Let n(k) = -230*k - 1377. Determine n(-6).
3
Let w(c) = 3*c**3 - 15*c**2 - 5*c - 7. Calculate w(7).
252
Let v(a) = 15*a**2 - a + 7. Calculate v(-2).
69
Let w(q) = q**3 + 4*q**2 + 11*q + 49. What is w(-4)?
5
Let d(a) = -3*a**2 - 103*a - 680. Give d(-25).
20
Let w(j) = -j**2 + 1022*j + 5141. What is w(-5)?
6
Let n(i) = 2*i**3 - 169*i**2 + 566*i + 82. Determine n(81).
1
Let o(x) = -x**3 + 17*x**2 - 4*x - 43. Calculate o(13).
581
Let d(c) = 2*c**2 - c - 141. What is d(-7)?
-36
Let i(y) = -y**3 + 18*y**2 - 12*y + 233. Determine i(18).
17
Let d(w) = 44*w**2 - 838*w + 49. Determine d(19).
11
Let a(i) = -i**3 + 10*i**2 - 2*i + 14. Determine a(5).
129
Let r(n) = 1291*n + 1281. Calculate r(-1).
-10
Let j(f) = -f**3 + 13*f**2 + 14*f + 16. Give j(14).
16
Let u(m) = -m**2 - 12*m + 94. What is u(-23)?
-159
Let g(w) = -3*w**2 - 75*w - 417. What is g(-12)?
51
Let w(a) = 2*a**3 + 42*a**2 + 213*a - 31. Calculate w(-12).
5
Let t(w) = w**3 + 11*w**2 - 11*w - 60. What is t(-2)?
-2
Let b(g) = 879*g - 6148. What is b(7)?
5
Let o(n) = -39*n - 1880. Calculate o(-48).
-8
Let v(z) = -32*z**3 + 3*z**2 + 7*z - 20. Determine v(2).
-250
Let f(r) = 7*r**2 + 254*r + 1444. What is f(-29)?
-35
Let p(y) = 4*y**3 - 11*y**2 + 12*y. Determine p(3).
45
Let u(p) = -137*p**2 - 791*p. What is u(-6)?
-186
Let r(b) = -b**2 + 23*b - 211. Determine r(0).
-211
Let k(o) = 514*o - 1929. What is k(4)?
127
Let v(c) = c**3 + 7*c**2 + 133*c + 391. Calculate v(-3).
28
Let n(b) = -32*b**2 + 266*b - 31. Give n(9).
-229
Let h(s) = -8*s**2 + 132*s + 13. Determine h(17).
-55
Let m(f) = 76*f + 421. Give m(-5).
41
Let a(q) = -2*q**3 + 11*q**2 + 4*q - 79. What is a(5)?
-34
Let n(x) = -6*x + 81. What is n(26)?
-75
Let n(r) = -r**3 + 49*r**2 - 214*r + 70. What is n(44)?
334
Let t(b) = -b**2 - 5*b + 36. Give t(-7).
22
Let f(c) = -c**2 + 61205*c + 244837. What is f(-4)?
1
Let z(w) = w**2 - w - 12. What is z(-10)?
98
Let w(h) = -h**3 - 63*h**2 + 398*h + 91. Calculate w(6).
-5
Let y(b) = 3*b**2 + 65*b - 137. What is y(-24)?
31
Let j(g) = -148*g + 10494. Calculate j(70).
134
Let l(u) = -47*u - 79. Give l(-3).
62
Let t(n) = -n**3 - 11*n**2 + 47*n + 8. Determine t(-14).
-62
Let h(a) = 5*a**2 - 157*a + 49. Determine h(31).
-13
Let m(p) = 230*p + 7786. Give m(-34).
-34
Let g(o) = 52*o**3 - 4*o**2 + 3*o + 6. Calculate g(-1).
-53
Let a(u) = -8*u + 71. Give a(21).
-97
Let m(a) = a**2 + 24*a - 2466. What is m(-65)?
199
Let d(o) = 6*o**3 + 67*o**2 + 11*o + 7. What is d(-11)?
7
Let z(w) = 2*w**2 - 188*w - 42. Give z(94).
-42
Let f(r) = r**3 - 17*r**2 - 34*r + 12. What is f(19)?
88
Let a(g) = 7*g**2 - 81*g + 273. What is a(7)?
49
Let j(g) = 2*g**2 - 56*g - 644. Give j(41).
422
Let g(n) = n + 45. Determine g(24).
69
Let k(w) = 4*w**2 - 218*w - 334. Give k(56).
2
Let i(w) = -w**2 - 3*w + 2442. What is i(-51)?
-6
Let t(s) = 3*s**3 - 10*s**2 + 3*s - 8. Calculate t(4).
36
Let b(p) = 13*p**2 + 173*p + 58. What is b(-13)?
6
Let f(g) = 8*g**2 - 115*g - 68. What is f(16)?
140
Let k(u) = 218*u - 1085. Give k(4).
-213
Let c(g) = g**2 + 11*g - 67. Determine c(-14).
-25
Let j(o) = o**2 + 6*o - 10. What is j(-12)?
62
Let q(h) = -160*h + 422. Calculate q(4).
-218
Let x(w) = -w**3 - 21*w**2 + 97*w + 13. Give x(4).
1
Let f(z) = 769*z**2 - z - 10. Calculate f(0).
-10
Let h(i) = 17*i**3 + 118*i**2 - 4*i + 14. Calculate h(-7).
-7
Let x(f) = 250*f**2 - 11*f + 9. Calculate x(1).
248
Let i(w) = 44*w**2 + 1496*w + 13. What is i(-34)?
13
Let l(m) = -m**3 - 9*m**2 + 19*m + 12. Calculate l(-9).
-159
Let r(v) = -v**3 - 1238*v + 3. Give r(0).
3
Let c(y) = -421*y - 836. Calculate c(-2).
6
Let g(i) = -7*i**2 + 177*i + 6799. Give g(-21).
-5
Let v(i) = 2*i**3 + 99*i**2 - 43*i + 314. Give v(-50).
-36
Let r(y) = 1956*y - 41. Determine r(0).
-41
Let o(z) = -z**2 - 23*z - 91. Give o(-12).
41
Let c(j) = 4166*j + 95810. What is c(-23)?
-8
Let p(o) = -6*o + 8. Give p(6).
-28
Let j(d) = -d**3 + 5*d**2 + 117*d + 137. What is j(14)?
11
Let d(t) = -t**3 + 83*t**2 - 237*t - 244. Calculate d(80).
-4
Let z(d) = -740*d - 2151. Determine z(-3).
69
Let h(s) = -9*s**2 - 96*s - 82. What is h(-7)?
149
Let a(o) = -2*o**3 + 356*o**2 - 2395*o + 181. What is a(171)?
10
Let q(t) = -t**3 - 4*t**2 - 18*t - 174. Determine q(-6).
6
Let w(d) = -d**3 + 27*d**2 + 50*d - 571. Give w(28).
45
Let r(j) = 9874*j + 78992. What is r(-8)?
0
Let n(m) = 2*m**3 - 15*m**2 - 12*m + 182. Give n(5).
-3
Let s(o) = -97*o + 626. Determine s(6).
44
Let f(x) = 2*x**2 - 37*x - 3. Calculate f(20).
57
Let y(u) = 92*u - 415. Calculate y(6).
137
Let d(l) = -2*l**3 + 462*l**2 - 3*l + 701. Give d(231).
8
Let c(v) = v**2 - 32*v - 216. Determine c(39).
57
Let n(x) = -146*x - 731. Determine n(-5).
-1
Let z(t) = t**2 + 3*t - 319. Calculate z(-19).
-15
Let u(y) = -10*y**3 - 3*y**2 + 2*y + 3. What is u(1)?
-8
Let i(f) = -5*f**2 - 50*f - 12. What is i(-10)?
-12
Let z(h) = -378*h - 373. Determine z(-1).
5
Let k(a) = a**3 + a**2 - 4*a - 84. What is k(4)?
-20
Let w(q) = -q**2 - 50*q - 1. What is w(-43)?
300
Let j(x) = 3*x**2 + 55*x + 110. What is j(-3)?
-28
Let h(g) = -g**3 - 25*g**2 - 108*g - 129. What is h(-20)?
31
Let h(p) = 9*p**2 - 145*p + 170. Calculate h(15).
20
Let q(h) = -15*h - 222. Calculate q(0).
-222
Let y(b) = -b**3 + b**2 - 11*b - 15. Determine y(0).
-15
Let v(i) = 17*i + 28. Determine v(17).
317
Let s(b) = 50*b + 384. Calculate s(-8).
-16
Let k(w) = -949*w + 11382. Calculate k(12).
-6
Let t(y) = -y**3 + 95*y**2 - 174*y - 1143. Give t(93).
-27
Let a(d) = -1551*d - 10687. Calculate a(-7).
170
Let j(o) = -3*o**2 + 4*o + 7. What is j(-1)?
0
Let b(t) = -2*t**2 - 51*t + 4198. Calculate b(-60).
58
Let u(i) = i**2 - 1341*i - 17599. What is u(-13)?
3
Let h(r) = -r**3 - 120*r**2 - 910*r - 1561. Give h(-112).
7
Let w(r) = -106*r - 344. Calculate w(-2).
-132
Let i(d) = -11*d**2 + 203*d - 271. What is i(17)?
1
Let c(r) = 164*r + 20447. Determine c(-125).
-53
Let x(z) = -8*z**2 - 71*z. Give x(-9).
-9
Let d(t) = 3449*t - 6860. Determine d(2).
38
Let b(z) = 2*z**3 + 104*z**2 - 2*z - 100. What is b(-52)?
4
Let c(x) = -17*x - 84. Determine c(-10).
86
Let h(z) = -2*z**3 + 127*z**2 + 193*z + 119. Determine h(65).
-11
Let f(k) = 2*k**3 + 3*k**2 + 174*k - 355. Calculate f(2).
21
Let d(v) = -5*v**2 - 93*v + 104. Calculate d(-20).
-36
Let t(i) = 3*i**2 - 56*i - 511. Calculate t(25).
-36
Let h(l) = 1451*l - 2904. What is h(2)?
-2
Let h(z) = -z**2 - 28*z + 16. Give h(-20).
176
Let f(j) = -j**3 + 6*j**2 + 10*j + 138. Calculate f(7).
159
Let x(b) = b**3 - 11*b**2 + 20*b + 44. Give x(5).
-6
Let f(m) = 3831*m - 15306. What is f(4)?
18
Let l(i) = -14*i - 313. What is l(-15)?
-103
Let q(f) = -2*f**2 + 53*f - 10. Give q(26).
16
Let p(n) = -2*n**2 - 122*n - 1769. Give p(-41).
-129
Let q(l) = l**3 + 11*l**2 + 14*l + 114. Calculate q(-10).
74
Let d(x) = -167*x - 32247. Determine d(-193).
-16
Let b(u) = -10*u**2 + 837*u + 244. Calculate b(84).
-8
Let d(j) = 37*j + 1065. Determine d(-29).
-8
Let f(u) = -44*u + 3920. Give f(89).
4
Let h(a) = 6*a**2 + 104*a + 324. What is h(-13)?
-14
Let d(b) = -11*b**2 + 298*b - 599. Determine d(2).
-47
Let q(x) = -6019*x - 30099. Calculate q(-5).
-4
Let k(n) = 3*n**2 - 5*n + 5. Calculate k(3).
17
Let j(l) = -2*l**2 + 326*l - 11538. Determine j(52).
6
Let y(l) = -202*l - 102. Give y(-1).
100
Let j(a) = -97*a + 2227. Give j(23).
-4
Let t(b) = 5426*b + 37988. Give t(-7).
6
Let n(i) = i**2 + 25*i - 831. Calculate n(19).
5
Let m(f) = -f**3 - 39*f**2 - 154*f + 149. What is m(-34)?
-395
Let q(r) = -r**3 + 39*r**2 - 207*r + 142. Calculate q(33